{"id":651,"date":"2020-12-07T13:11:18","date_gmt":"2020-12-07T12:11:18","guid":{"rendered":"http:\/\/www.apilogic.es\/www\/?page_id=651"},"modified":"2020-12-21T09:52:40","modified_gmt":"2020-12-21T08:52:40","slug":"desarrollo-paginas-web","status":"publish","type":"page","link":"https:\/\/www.apilogic.es\/www\/desarrollo-paginas-web\/","title":{"rendered":"Desarrollo de P\u00e1ginas Web"},"content":{"rendered":"\t\t<div data-elementor-type=\"wp-page\" data-elementor-id=\"651\" class=\"elementor elementor-651\" data-elementor-settings=\"[]\">\n\t\t\t\t\t\t<div class=\"elementor-inner\">\n\t\t\t\t\t\t\t<div class=\"elementor-section-wrap\">\n\t\t\t\t\t\t\t<section class=\"elementor-section elementor-top-section elementor-element elementor-element-94dc23b elementor-section-stretched elementor-section-boxed elementor-section-height-default elementor-section-height-default\" data-id=\"94dc23b\" data-element_type=\"section\" data-settings=\"{&quot;stretch_section&quot;:&quot;section-stretched&quot;}\">\n\t\t\t\t\t\t<div class=\"elementor-container elementor-column-gap-default\">\n\t\t\t\t\t\t\t<div class=\"elementor-row\">\n\t\t\t\t\t<div class=\"elementor-column elementor-col-50 elementor-top-column elementor-element elementor-element-71f5824\" data-id=\"71f5824\" data-element_type=\"column\">\n\t\t\t<div class=\"elementor-column-wrap elementor-element-populated\">\n\t\t\t\t\t\t\t<div class=\"elementor-widget-wrap\">\n\t\t\t\t\t\t<div class=\"elementor-element elementor-element-3d9875b elementor-widget elementor-widget-text-editor\" data-id=\"3d9875b\" data-element_type=\"widget\" data-widget_type=\"text-editor.default\">\n\t\t\t\t<div class=\"elementor-widget-container\">\n\t\t\t\t\t<div class=\"elementor-text-editor elementor-clearfix\"><p>Expanda su Empresa creando su propia p\u00e1gina WEB.<\/p>\n<p>Contacte con sus clientes.<\/p>\n<p>Venda sus productos Online.<\/p>\n<p>Le ayudamos a posicionarse en Google para aumentar el n\u00famero de visitas a su p\u00e1gina.<\/p>\n<p>Adaptamos el espacio de almacenamiento de su WEB a sus necesidades.<\/p>\n<p>Creamos o incorporamos el dominio de su empresa, correos, contacto y direcci\u00f3n, &#8230;<\/p>\n<p>El coste de su WEB depender\u00e1 del n\u00famero y tipo de p\u00e1ginas.<\/p>\n<p>P\u00eddanos presupuesto sin compromiso.<\/p><\/div>\n\t\t\t\t<\/div>\n\t\t\t\t<\/div>\n\t\t\t\t\t\t<\/div>\n\t\t\t\t\t<\/div>\n\t\t<\/div>\n\t\t\t\t<div class=\"elementor-column elementor-col-50 elementor-top-column elementor-element elementor-element-d7ba408\" data-id=\"d7ba408\" data-element_type=\"column\">\n\t\t\t<div class=\"elementor-column-wrap elementor-element-populated\">\n\t\t\t\t\t\t\t<div class=\"elementor-widget-wrap\">\n\t\t\t\t\t\t<div class=\"elementor-element elementor-element-ba453bc elementor-widget elementor-widget-image\" data-id=\"ba453bc\" data-element_type=\"widget\" data-widget_type=\"image.default\">\n\t\t\t\t<div class=\"elementor-widget-container\">\n\t\t\t\t\t<div class=\"elementor-image\">\n\t\t\t\t\t\t\t\t\t\t<img width=\"466\" height=\"407\" src=\"https:\/\/www.apilogic.es\/www\/wp-content\/uploads\/2020\/12\/Globo.jpg\" class=\"attachment-large size-large\" alt=\"\" loading=\"lazy\" srcset=\"https:\/\/www.apilogic.es\/www\/wp-content\/uploads\/2020\/12\/Globo.jpg 466w, https:\/\/www.apilogic.es\/www\/wp-content\/uploads\/2020\/12\/Globo-416x363.jpg 416w, https:\/\/www.apilogic.es\/www\/wp-content\/uploads\/2020\/12\/Globo-300x262.jpg 300w\" sizes=\"(max-width: 466px) 100vw, 466px\" \/>\t\t\t\t\t\t\t\t\t\t\t<\/div>\n\t\t\t\t<\/div>\n\t\t\t\t<\/div>\n\t\t\t\t\t\t<\/div>\n\t\t\t\t\t<\/div>\n\t\t<\/div>\n\t\t\t\t\t\t\t\t<\/div>\n\t\t\t\t\t<\/div>\n\t\t<\/section>\n\t\t\t\t\t\t<\/div>\n\t\t\t\t\t\t<\/div>\n\t\t\t\t\t<\/div>\n\t\t","protected":false},"excerpt":{"rendered":"<p>Expanda su Empresa creando su propia p\u00e1gina WEB. Contacte con sus clientes. Venda sus productos Online. Le ayudamos a posicionarse en Google para aumentar el n\u00famero de visitas a su p\u00e1gina. Adaptamos el espacio de almacenamiento de su WEB a sus necesidades. Creamos o incorporamos el dominio de su empresa, correos, contacto y direcci\u00f3n, &#8230; &hellip;<\/p>\n<p class=\"read-more\"> <a class=\"\" href=\"https:\/\/www.apilogic.es\/www\/desarrollo-paginas-web\/\"> <span class=\"screen-reader-text\">Desarrollo de P\u00e1ginas Web<\/span> Leer m\u00e1s &raquo;<\/a><\/p>\n","protected":false},"author":1,"featured_media":0,"parent":0,"menu_order":0,"comment_status":"closed","ping_status":"closed","template":"","meta":[],"_links":{"self":[{"href":"https:\/\/www.apilogic.es\/www\/wp-json\/wp\/v2\/pages\/651"}],"collection":[{"href":"https:\/\/www.apilogic.es\/www\/wp-json\/wp\/v2\/pages"}],"about":[{"href":"https:\/\/www.apilogic.es\/www\/wp-json\/wp\/v2\/types\/page"}],"author":[{"embeddable":true,"href":"https:\/\/www.apilogic.es\/www\/wp-json\/wp\/v2\/users\/1"}],"replies":[{"embeddable":true,"href":"https:\/\/www.apilogic.es\/www\/wp-json\/wp\/v2\/comments?post=651"}],"version-history":[{"count":43,"href":"https:\/\/www.apilogic.es\/www\/wp-json\/wp\/v2\/pages\/651\/revisions"}],"predecessor-version":[{"id":1663,"href":"https:\/\/www.apilogic.es\/www\/wp-json\/wp\/v2\/pages\/651\/revisions\/1663"}],"wp:attachment":[{"href":"https:\/\/www.apilogic.es\/www\/wp-json\/wp\/v2\/media?parent=651"}],"curies":[{"name":"wp","href":"https:\/\/api.w.org\/{rel}","templated":true}]}}